divide 4398668?
False
Does 13 divide 7063697?
False
Is 234155 a multiple of 6?
False
Is 108 a factor of 19872945?
False
Is 40140 a multiple of 90?
True
Does 307 divide 1183896?
False
Is 12506 a multiple of 6?
False
Does 50 divide 1513550?
True
Is 4 a factor of 73694?
False
Is 23 a factor of 511405?
True
Is 2539996 a multiple of 4?
True
Is 34 a factor of 225762?
False
Does 60 divide 31560?
True
Does 6 divide 1422162?
True
Does 27 divide 1750653?
True
Does 20 divide 40403?
False
Is 339 a factor of 136617?
True
Is 89 a factor of 374690?
True
Is 1728 a factor of 15639531?
False
Does 32 divide 2120292?
False
Is 202352 a multiple of 10?
False
Is 52492 a multiple of 11?
True
Is 1279352 a multiple of 68?
True
Is 563 a factor of 629434?
True
Is 434332 a multiple of 46?
True
Is 112 a factor of 1099728?
True
Is 28284490 a multiple of 130?
True
Is 3 a factor of 41643?
True
Does 30 divide 122247?
False
Does 5 divide 15398?
False
Does 36 divide 326160?
True
Is 34 a factor of 1203498?
True
Does 1333 divide 7977736?
False
Does 1108 divide 1697456?
True
Does 411 divide 186183?
True
Is 150 a factor of 127374?
False
Is 1637175 a multiple of 36?
False
Does 48 divide 11894523?
False
Does 76 divide 6546897?
False
Does 143 divide 665?
False
Is 8456821 a multiple of 353?
True
Is 459 a factor of 442017?
True
Is 86637 a multiple of 226?
False
Does 46 divide 418048?
True
Does 13 divide 13510079?
False
Is 59389 a multiple of 84?
False
Is 96963 a multiple of 56?
False
Is 30 a factor of 24510?
True
Is 3 a factor of 17523?
True
Is 8 a factor of 1113591?
False
Is 55107 a multiple of 19?
False
Does 892 divide 765514?
False
Is 82 a factor of 193080?
False
Is 12 a factor of 135060?
True
Does 5 divide 2298295?
True
Does 38 divide 13842026?
False
Is 52398 a multiple of 3?
True
Is 10477552 a multiple of 886?
False
Does 32 divide 48721?
False
Is 37094 a multiple of 6?
False
Is 1252 a factor of 6654365?
False
Is 489 a factor of 2359616?
False
Is 23 a factor of 321021?
False
Does 18 divide 60444?
True
Does 24 divide 561024?
True
Is 62068 a multiple of 2?
True
Is 66944 a multiple of 523?
True
Is 22 a factor of 58872?
True
Is 197848 a multiple of 54?
False
Is 91 a factor of 2987868?
False
Is 82238 a multiple of 86?
False
Is 1393560 a multiple of 504?
True
Does 201 divide 733241?
False
Does 7 divide 9247?
True
Is 706 a factor of 229947?
False
Does 22 divide 31174?
True
Is 73 a factor of 334111?
False
Does 1283 divide 3081377?
False
Is 27379 a multiple of 60?
False
Is 49 a factor of 10437?
True
Does 466 divide 1365412?
False
Is 23 a factor of 16453657?
False
Is 1180779 a multiple of 5?
False
Is 11751906 a multiple of 469?
False
Does 26 divide 3160965?
False
Does 168 divide 280728?
True
Does 318 divide 1111728?
True
Is 15 a factor of 3570?
True
Does 50 divide 120250?
True
Does 103 divide 37752?
False
Is 7 a factor of 8076628?
True
Is 889960 a multiple of 42?
False
Is 220460 a multiple of 151?
True
Is 139 a factor of 3682879?
False
Is 55 a factor of 1032798?
False
Does 476 divide 264600?
False
Is 8570176 a multiple of 34?
True
Does 144 divide 216360?
False
Does 1267 divide 2428328?
False
Is 696505 a multiple of 13?
False
Does 11 divide 19830?
False
Is 856443 a multiple of 35?
False
Is 2178774 a multiple of 18?
True
Does 133 divide 130081?
False
Is 1688 a factor of 2816976?
False
Is 11 a factor of 38148?
True
Is 25 a factor of 528500?
True
Is 424710 a multiple of 15?
True
Is 156 a factor of 12324?
True
Does 117 divide 696525?
False
Does 54 divide 549774?
True
Does 67 divide 210179?
True
Does 17 divide 260576?
True
Does 2 divide 21397?
False
Is 15 a factor of 180690?
True
Does 16 divide 122586?
False
Is 45 a factor of 94770?
True
Is 52 a factor of 781196?
True
Is 17 a factor of 7117630?
False
Is 10592271 a multiple of 13?
False
Is 25118 a multiple of 16?
False
Does 11 divide 76351?
True
Is 96334 a multiple of 14?
True
Is 147 a factor of 294335?
False
Is 793737 a multiple of 293?
True
Is 774984 a multiple of 21?
True
Does 13 divide 1176104?
False
Is 175 a factor of 840175?
True
Is 1185912 a multiple of 78?
True
Does 10 divide 74892?
False
Is 87 a factor of 59073?
True
Does 60 divide 431340?
True
Is 324299 a multiple of 3?
False
Is 27 a factor of 44426?
False
Is 6050968 a multiple of 47?
True
Does 21 divide 15951991?
False
Is 28 a factor of 33376?
True
Is 1376172 a multiple of 381?
True
Does 61 divide 71919?
True
Is 43 a factor of 1829521?
True
Does 41 divide 644110?
True
Is 4243590 a multiple of 12?
False
Does 11 divide 967026?
False
Does 34 divide 3871765?
False
Is 62 a factor of 87916?
True
Does 5 divide 4959375?
True
Does 29 divide 891344?
True
Does 339 divide 10532391?
True
Is 353248 a multiple of 332?
True
Is 130 a factor of 1935647?
False
Is 735 a factor of 252105?
True
Does 13 divide 102185?
False
Is 1530167 a multiple of 194?
False
Is 453 a factor of 5446459?
False
Is 213384 a multiple of 28?
False
Is 4327340 a multiple of 20?
True
Does 238 divide 262828?
False
Is 19 a factor of 11324?
True
Is 6229125 a multiple of 525?
True
Does 19 divide 597344?
False
Does 34 divide 47558?
False
Is 31644 a multiple of 27?
True
Is 32 a factor of 94912?
True
Is 188 a factor of 302284?
False
Is 838051 a multiple of 487?
False
Is 1668235 a multiple of 8?
False
Does 7 divide 748756?
False
Is 25 a factor of 60025?
True
Is 118 a factor of 114780?
False
Is 38489 a multiple of 22?
False
Is 362681 a multiple of 7?
False
Is 708153 a multiple of 79?
False
Is 2353006 a multiple of 136?
False
Does 34 divide 38738?
False
Is 38 a factor of 549670?
True
Does 76 divide 5168?
True
Does 43 divide 26617?
True
Does 108 divide 422604?
True
Is 618 a factor of 10865610?
False
Does 55 divide 18755?
True
Does 1546 divide 4063190?
False
Is 806 a factor of 1520116?
True
Does 16 divide 7224575?
False
Is 83968 a multiple of 64?
True
Is 1895044 a multiple of 36?
False
Is 29 a factor of 9689161?
True
Is 8 a factor of 7920?
True
Is 529 a factor of 16431798?
True
Is 400554 a multiple of 63?
True
Is 8 a factor of 14951196?
False
Does 399 divide 5196408?
False
Is 139923 a multiple of 58?
False
Is 664125 a multiple of 456?
False
Is 73 a factor of 262289?
True
Is 236135 a multiple of 115?
False
Is 7 a factor of 491075?
False
Is 11732190 a multiple of 24?
False
Does 61 divide 326411?
True
Is 255935 a multiple of 511?
False
Is 103 a factor of 479877?
True
Does 56 divide 663432?
True
Is 118561 a multiple of 2?
False
Does 10 divide 725660?
True
Does 10 divide 2422032?
False
Is 341 a factor of 1523247?
True
Does 374 divide 1972476?
True
Is 14874 a multiple of 74?
True
Is 2410216 a multiple of 30?
False
Is 9146553 a multiple of 529?
False
Is 46020 a multiple of 708?
True
Is 393280 a multiple of 221?
False
Does 2 divide 18635?
False
Is 9 a factor of 2647791?
True
Does 23 divide 1807869?
True
Is 54 a factor of 96170?
False
Is 105 a factor of 17382630?
False
Does 12 divide 94372?
False
Is 423 a factor of 560644?
False
Is 50 a multiple of 2?
True
Is 7019354 a multiple of 32?
False
Is 159080 a multiple of 485?
True
Does 3 divide 31693?
False
Is 338985 a multiple of 15?
True
Does 142 divide 138592?
True
Is 1808076 a multiple of 46?
True
Is 380580 a multiple of 15?
True
Is 16395545 a multiple of 17?
False
Is 430014 a multiple of 481?
True
Is 248 a factor of 197119?
False
Is 2533536 a multiple of 44?
False
Is 1542611 a multiple of 7?
True
Does 12 divide 25083?
False
Does 78 divide 256450?
False
Does 3 divide 2019?
True
Is 24 a factor of 21504?
True
Does 18 divide 91548?
True
Is 803385 a multiple of 4?
False
Does 104 divide 421824?
True
Does 325 divide 96164?
False
Does 18 divide 9468?
True
Is 207444 a multiple of 12?
True
Does 29 divide 9021?
False
Does 18 divide 85500?
True
Is 847 a factor of 799568?
True
Is 41396 a multiple of 158?
True
Is 145 a factor of 17835?
True
Is 623 a factor of 245462?
True
Is 229 a factor of 83172?
False
Is 22920573 a multiple of 191?
True
Does 7 divide 1740837?
True
Does 3 divide 85194?
True
Is 284 a factor of 140689?
False
Does 254 divide 264647?
False
Is 1019183 a multiple of 121?
True
Does 7 divide 1827676?
False
Is 243 a factor of 1518188?
False
Does 35 divide 10030?
False
Does 29 divide 513277?
False
Is 115 a factor of 9203557?
False
Is 367 a factor of 668307?
True
Does 62 divide 711078?
True
Is 5131070 a multipl